473.
471
What is the remainder when 13226289 is divided by 2645245?
64
Calculate the remainder when 229508 is divided by 79.
13
Calculate the remainder when 68866 is divided by 17058.
634
What is the remainder when 3732146 is divided by 188?
158
Calculate the remainder when 16621033 is divided by 61.
58
Calculate the remainder when 14236165 is divided by 211.
206
Calculate the remainder when 5730230 is divided by 17417.
37
What is the remainder when 85178 is divided by 325?
28
What is the remainder when 17150035 is divided by 8575015?
5
What is the remainder when 38223545 is divided by 4658?
4655
What is the remainder when 44243587 is divided by 246?
241
What is the remainder when 262572011 is divided by 1552?
1547
What is the remainder when 7313255 is divided by 162516?
35
What is the remainder when 28662191 is divided by 208?
207
Calculate the remainder when 3869634 is divided by 270.
264
What is the remainder when 9936742 is divided by 12?
10
Calculate the remainder when 6083208 is divided by 3200.
8
Calculate the remainder when 3197314 is divided by 1598589.
136
Calculate the remainder when 7488035 is divided by 1335.
20
Calculate the remainder when 6435761 is divided by 1287144.
41
Calculate the remainder when 26244 is divided by 909.
792
Calculate the remainder when 4264435 is divided by 13936.
19
What is the remainder when 373205169 is divided by 65?
64
Calculate the remainder when 201759 is divided by 100794.
171
Calculate the remainder when 1627853 is divided by 64.
13
Calculate the remainder when 229089 is divided by 999.
318
Calculate the remainder when 5523684 is divided by 616.
12
What is the remainder when 1994817 is divided by 173?
127
What is the remainder when 2340516 is divided by 334359?
3
What is the remainder when 9698407 is divided by 265?
202
Calculate the remainder when 75584985 is divided by 1046.
1025
What is the remainder when 2871384 is divided by 415?
414
What is the remainder when 366809 is divided by 1132?
41
Calculate the remainder when 114029617 is divided by 10651.
11
What is the remainder when 852150 is divided by 38731?
68
Calculate the remainder when 3129 is divided by 1792.
1337
What is the remainder when 782631515 is divided by 2539?
2538
What is the remainder when 338866 is divided by 16130?
136
What is the remainder when 14455 is divided by 2479?
2060
Calculate the remainder when 187865 is divided by 3.
2
Calculate the remainder when 1001704 is divided by 500686.
332
Calculate the remainder when 240904 is divided by 80233.
205
What is the remainder when 3535711 is divided by 1667?
4
What is the remainder when 9990 is divided by 3361?
3268
Calculate the remainder when 19418486 is divided by 1816.
1814
Calculate the remainder when 3158254 is divided by 789563.
2
Calculate the remainder when 475302046 is divided by 312.
310
Calculate the remainder when 71842 is divided by 259.
99
Calculate the remainder when 71563 is divided by 1294.
393
What is the remainder when 92868 is divided by 92826?
42
Calculate the remainder when 37254 is divided by 18443.
368
Calculate the remainder when 63336 is divided by 3775.
2936
What is the remainder when 912885 is divided by 13587?
2556
What is the remainder when 104562563 is divided by 161?
147
Calculate the remainder when 4308389 is divided by 1681.
1667
Calculate the remainder when 25062 is divided by 8202.
456
Calculate the remainder when 7174986 is divided by 116.
38
What is the remainder when 37692504 is divided by 795?
759
Calculate the remainder when 121013896 is divided by 6166.
6146
What is the remainder when 1111613 is divided by 310?
263
What is the remainder when 2635926 is divided by 277?
271
What is the remainder when 2340417 is divided by 4?
1
What is the remainder when 137811 is divided by 11050?
5211
Calculate the remainder when 195355 is divided by 1007.
1004
What is the remainder when 8418862 is divided by 51?
37
Calculate the remainder when 9132487 is divided by 1522078.
19
What is the remainder when 1156390 is divided by 10609?
9
Calculate the remainder when 544041 is divided by 24714.
333
What is the remainder when 24555791 is divided by 402553?
58
What is the remainder when 45585169 is divided by 670370?
9
What is the remainder when 1772402 is divided by 1571?
314
Calculate the remainder when 14059200 is divided by 1200.
0
Calculate the remainder when 604204 is divided by 660.
304
What is the remainder when 32771155 is divided by 121?
120
What is the remainder when 394648810 is divided by 106?
104
What is the remainder when 26465 is divided by 24405?
2060
What is the remainder when 35280 is divided by 11745?
45
What is the remainder when 111360 is divided by 15675?
1635
Calculate the remainder when 56887 is divided by 16561.
7204
What is the remainder when 23335 is divided by 5816?
71
Calculate the remainder when 11507949 is divided by 7581.
7572
Calculate the remainder when 6536034 is divided by 103736.
666
What is the remainder when 7549770 is divided by 2516528?
186
What is the remainder when 63012355 is divided by 979?
978
Calculate the remainder when 7323084 is divided by 857.
19
What is the remainder when 1999401 is divided by 2?
1
Calculate the remainder when 1597398 is divided by 506.
462
Calculate the remainder when 21766 is divided by 3476.
910
What is the remainder when 542552 is divided by 10?
2
Calculate the remainder when 461501 is divided by 27138.
155
What is the remainder when 19889550 is divided by 4603?
4590
What is the remainder when 35112279 is divided by 266?
13
What is the remainder when 3259971 is divided by 159?
153
Calculate the remainder when 953009 is divided by 936.
161
Calculate the remainder when 22136042 is divided by 11248.
11226
What is the remainder when 29924203 is divided by 107641?
5
What is the remainder when 1673400 is divided by 8410?
8220
Calculate the remainder when 89693 is divided by 2953.
1103
Calculate the remainder when 330988 is divided by 110.
108
What is the remainder when 6412232 is divided by 5167?
5152
Calculate the remainder when 76855549 is divided by 57.
55
Calculate the remainder when 783350 is divided by 14504.
134
Calculate the remainder when 2687988 is divided by 21.
9
What is the remainder when 31675412 is divided by 6910?
6882
Calculate the remainder when 2063889 is divided by 2940.
9
Calculate the remainder when 7614515 is divided by 13.
12
What is the remainder when 3096209 is divided by 24573?
11
Calculate the remainder when 17372 is divided by 1967.
1636
What is the remainder when 474046 is divided by 157952?
190
Calculate the remainder when 1696559 is divided by 108.
95
What is the remainder when 28771648 is divided by 25150?
48
What is the remainder when 626752 is divided by 1996?
8
What is the remainder when 1772272 is divided by 886125?
22
What is the remainder when 14208515 is divided by 2852?
2703
What is the remainder when 38590750 is divided by 611?
601
Calculate the remainder when 19088 is divided by 2385.
8
Calculate the remainder when 5217797 is divided by 54.
47
Calculate the remainder when 11051048 is divided by 3669.
20
Calculate the remainder when 3052 is divided by 886.
394
Calculate the remainder when 438388 is divided by 2793.
2680
Calculate the remainder when 3386397 is divided by 20.
17
What is the remainder when 49698 is divided by 12272?
610
What is the remainder when 92983 is divided by 2817?
22
Calculate the remainder when 74638172 is divided by 153.
29
What is the remainder when 2414801 is divided by 11834?
665
What is the remainder when 2205763 is divided by 2103?
1819
Calculate the remainder when 427001 is divided by 1.
0
What is the remainder when 765600 is divided by 23921?
128
Calculate the remainder when 4797138 is divided by 67565.
23
Calculate the remainder when 415147 is divided by 136644.
5215
What is the remainder when 309031 is divided by 1083?
376
Calculate the remainder when 68867 is divided by 57.
11
Calculate the remainder when 7045969 is divided by 439.
19
Calculate the remainder when 30553357 is divided by 11159.
15
What is the remainder when 218185 is divided by 27267?
49
Calculate the remainder when 22010893 is divided by 1811.
1810
What is the remainder when 1861243 is divided by 16325?
193
What is the remainder when 5531575 is divid